osite number?
True
Is 63673 prime?
False
Is 3326 composite?
True
Is 123307 composite?
False
Is 262541 a prime number?
True
Is 1007 prime?
False
Is 118039 composite?
True
Is 2771 prime?
False
Is 4183 a composite number?
True
Is 22769 a prime number?
True
Is 147571 prime?
True
Is 816773 prime?
False
Is 17897 prime?
False
Is 11717 prime?
True
Is 53993 a composite number?
False
Is 74353 a composite number?
False
Is 6197 prime?
True
Is 560905 a prime number?
False
Is 3251 a composite number?
False
Is 65921 prime?
True
Is 84589 a prime number?
True
Is 4861 composite?
False
Is 66335 a composite number?
True
Is 223543 prime?
True
Is 83903 prime?
True
Is 43534 prime?
False
Is 13901 a composite number?
False
Is 613 a composite number?
False
Is 335321 composite?
True
Is 686877 a prime number?
False
Is 28255 a prime number?
False
Is 5321 composite?
True
Is 7311 composite?
True
Is 45481 a prime number?
True
Is 22583 prime?
False
Is 20103 composite?
True
Is 350549 a composite number?
False
Is 9467 prime?
True
Is 27091 a prime number?
True
Is 1172933 composite?
False
Is 30737 a composite number?
True
Is 123334 a prime number?
False
Is 165457 composite?
False
Is 691399 prime?
True
Is 300373 a prime number?
False
Is 645767 a composite number?
True
Is 1067 a composite number?
True
Is 329233 prime?
True
Is 106367 prime?
True
Is 74131 prime?
True
Is 15305 a prime number?
False
Is 27473 prime?
False
Is 599569 composite?
True
Is 577513 a prime number?
True
Is 16487 prime?
True
Is 20467 a prime number?
False
Is 96067 composite?
True
Is 284605 composite?
True
Is 123059 composite?
False
Is 19697 composite?
False
Is 1523 composite?
False
Is 7427 a composite number?
True
Is 233009 prime?
False
Is 2899 composite?
True
Is 1673 a prime number?
False
Is 573593 a composite number?
True
Is 427681 prime?
True
Is 10342 a prime number?
False
Is 47303 a prime number?
True
Is 42049 a composite number?
True
Is 108727 a composite number?
False
Is 48161 a composite number?
True
Is 39209 a prime number?
True
Is 1342519 a composite number?
False
Is 31769 a prime number?
True
Is 24253 prime?
False
Is 32441 a composite number?
False
Is 83091 a composite number?
True
Is 3499 a composite number?
False
Is 846689 composite?
False
Is 14047 composite?
True
Is 43753 prime?
True
Is 42121 prime?
False
Is 1368419 a composite number?
True
Is 394673 composite?
False
Is 20563 a composite number?
False
Is 2171 a composite number?
True
Is 122117 composite?
False
Is 74329 a composite number?
True
Is 149143 a composite number?
False
Is 2408587 composite?
False
Is 74623 a prime number?
True
Is 52919 composite?
False
Is 25997 a prime number?
True
Is 1230353 a prime number?
False
Is 13451 composite?
False
Is 541 a prime number?
True
Is 1746109 composite?
False
Is 709879 composite?
False
Is 18187 composite?
True
Is 109807 a composite number?
False
Is 353843 composite?
True
Is 99961 prime?
True
Is 3491 composite?
False
Is 922 composite?
True
Is 362629 composite?
False
Is 11699 prime?
True
Is 320277 composite?
True
Is 79711 prime?
False
Is 4893259 a composite number?
True
Is 7387 prime?
False
Is 5310697 composite?
True
Is 3205 a composite number?
True
Is 1381 a composite number?
False
Is 19667 prime?
False
Is 1409 prime?
True
Is 23407 a composite number?
True
Is 27787 a prime number?
False
Is 13313 prime?
True
Is 82699 composite?
False
Is 58363 a prime number?
True
Is 5809 composite?
True
Is 28603 composite?
False
Is 11369 composite?
False
Is 7517 prime?
True
Is 2484551 composite?
True
Is 2819 a prime number?
True
Is 371027 prime?
True
Is 8053 composite?
False
Is 12889 prime?
True
Is 18293 a prime number?
False
Is 31199 prime?
False
Is 34271 a composite number?
True
Is 559571 composite?
False
Is 78691 prime?
True
Is 3407 a composite number?
False
Is 7289 a prime number?
False
Is 18703 a composite number?
True
Is 9967 a composite number?
False
Is 1895 a composite number?
True
Is 538 composite?
True
Is 484457 a prime number?
True
Is 470443 prime?
True
Is 6599 composite?
False
Is 590219 a prime number?
False
Is 97481 a composite number?
True
Is 11383 composite?
False
Is 111409 composite?
False
Is 5427919 a composite number?
True
Is 6731 composite?
True
Is 236699 prime?
True
Is 541 a prime number?
True
Is 3719 a composite number?
False
Is 389489 prime?
False
Is 4883 composite?
True
Is 132001 prime?
True
Is 24733 a composite number?
False
Is 63853 a composite number?
False
Is 15091 a composite number?
False
Is 425233 composite?
False
Is 88043 a prime number?
False
Is 97043 composite?
True
Is 35251 a composite number?
False
Is 6005 a prime number?
False
Is 142 a composite number?
True
Is 270299 prime?
True
Is 2999 prime?
True
Is 68507 composite?
False
Is 93779 composite?
True
Is 20681 prime?
True
Is 2053 prime?
True
Is 135209 prime?
True
Is 32597 composite?
True
Is 93691 a composite number?
True
Is 9057 a composite number?
True
Is 18839 a prime number?
True
Is 318187 a prime number?
False
Is 52031 composite?
True
Is 413419 a prime number?
False
Is 264035 prime?
False
Is 160807 a composite number?
False
Is 13649 a prime number?
True
Is 349753 composite?
False
Is 30377 a prime number?
False
Is 77117 composite?
True
Is 5897 a composite number?
False
Is 2136877 composite?
False
Is 3793 prime?
True
Is 15149 composite?
False
Is 11897 prime?
True
Is 59407 a composite number?
False
Is 10687 a composite number?
False
Is 419447 composite?
True
Is 382994 a prime number?
False
Is 599843 a prime number?
True
Is 1230067 composite?
False
Is 891119 composite?
True
Is 7193 a composite number?
False
Is 22901 a prime number?
True
Is 688327 a composite number?
True
Is 103541 a composite number?
True
Is 2337747 prime?
False
Is 3943 composite?
False
Is 576377 prime?
True
Is 4811 composite?
True
Is 2395 prime?
False
Is 4439393 prime?
False
Is 414149 prime?
False
Is 4783 composite?
False
Is 519709 prime?
False
Is 2411 a composite number?
False
Is 15481 a composite number?
True
Is 1378891 a prime number?
False
Is 3043 a composite number?
True
Is 473089 a prime number?
True
Is 127027 a composite number?
True
Is 3027 composite?
True
Is 57029 a composite number?
True
Is 494843 a composite number?
False
Is 6287 a composite number?
False
Is 22739 a composite number?
False
Is 1691089 composite?
True
Is 14453 a composite number?
True
Is 22361 composite?
True
Is 16197 prime?
False
Is 292907 composite?
True
Is 2873771 a prime number?
False
Is 1553 composite?
False
Is 955 composite?
True
Is 3946 prime?
False
Is 717191 prime?
True
Is 51 a prime number?
False
Is 207643 a composite number?
False
Is 1471445 a prime number?
False
Is 61861 composite?
False
Is 52201 a composite number?
False
Is 101537 prime?
True
Is 296579 prime?
True
Is 779 a prime number?
False
Is 5349 prime?
False
Is 3407 composite?
False
Is 160757 prime?
True
Is 983 composite?
False
Is 152027 composite?
False
Is 5209 prime?
True
Is 139267 a composite number?
False
Is 1574607 prime?
False
Is 1657 a composite number?
False
Is 3989 composite?
False
Is 3683 a composite number?
True
Is 1231583 prime?
False
Is 97 prime?
True
Is 1781 a composite number?
True
Is 77851 a prime number?
False
Is 765847 composite?
False
Is 130697 prime?
False
Is 6449 prime?
True
Is 102389 a composite number?
True
Is 233939 a composite number?
False
Is 85049 a prime number?
True
Is 3483977 a prime number?
False
Is 15349 composite?
False
Is 79793 a composite number?
True
Is 16123 composite?
True
Is 36574 a prime number?
False
Is 26141 composite?
False
Is 2963 prime?
True
Is 936185 a prime number?
False
Is 660449 prime?
True
Is 43999 prime?
False
Is 8707 composite?
False
Is 167529 a composite number?
True
Is 53681 prime?
True
Is 11695 composite?
True
Is 8209 prime?
True
Is 59477 composite?
True
Is 105815 a prime number?
False
Is 8999 a prime number?
True
Is 31379 a composite number?
False
Is 62039 a prime number?
True
Is 42899 a prime number?
True
Is 275251 a composite number?
False
Is 26167 a prime number?
False
Is 34669 a prime number?
False
Is 4338641 a composite number?
True
Is 2119 composite?
True
Is 131135 composite?
True
Is 208429 prime?
False
Is 3426751 composite?
True
Is 13859 composite?
False
Is 890003 a prime number?
True
Is 70619 composite?
False
Is 2200655 composite?
True
Is 733559 prime?
True
Is 356